m + 16. Determine d(6).
-8
Let x(o) = 3*o + 61. Give x(0).
61
Let i(j) = 15*j - 99. Determine i(7).
6
Let g(t) = -2*t + 21. What is g(17)?
-13
Let y(d) = 5*d**2 - 6*d - 8. What is y(-2)?
24
Let t(d) = -7*d + 2. Calculate t(-2).
16
Let a(o) = -o**2 + o + 3. Calculate a(2).
1
Let y(w) = 6*w + 10. What is y(-2)?
-2
Let m(r) = 2*r**2 + 5*r. What is m(0)?
0
Let s(y) = -15*y. Calculate s(-1).
15
Let l(k) = k**3 - 5*k**2 - 13*k - 4. Determine l(7).
3
Let k(p) = 65*p + 384. Calculate k(-6).
-6
Let n(s) = s**3 + 2*s**2 - s + 4. Calculate n(-3).
-2
Let p(y) = -y**3 + 5*y**2 - 4*y. Give p(4).
0
Let g(x) = -16*x**2 - 3*x - 1. Give g(-1).
-14
Let t(w) = w**2 - 2*w - 2. Determine t(8).
46
Let r(p) = p**2 - 57*p + 518. Calculate r(11).
12
Let q(a) = a**2 + 4*a + 9. Give q(-4).
9
Let c(v) = 6*v + 155. Calculate c(-29).
-19
Let v(o) = 2*o**2 + 19*o - 456. Give v(11).
-5
Let h(a) = -a + 12. What is h(15)?
-3
Let w(f) = f - 33. Give w(9).
-24
Let v(b) = -10*b - 32. Give v(-3).
-2
Let q(w) = 2*w**2 + 4*w - 3. What is q(-4)?
13
Let n(z) = -28*z - 8. Determine n(3).
-92
Let j(m) = m**2 - 19*m + 36. Determine j(2).
2
Let z(n) = -n**3 + 16*n**2 - 14*n - 12. What is z(15)?
3
Let b(q) = 34*q**2 - 2*q - 5. Determine b(-2).
135
Let d(v) = 5*v**2 + 56*v + 5. Determine d(-11).
-6
Let z(m) = m**3 + 18*m**2 - 15*m + 27. Determine z(-19).
-49
Let y(i) = i**3 + 13*i**2 + 3*i + 44. Determine y(-13).
5
Let p(q) = q**2 - 13*q - 19. What is p(14)?
-5
Let s(n) = -n + 2. Give s(6).
-4
Let o(k) = 5*k - 67. Determine o(10).
-17
Let i(k) = -28*k + 619. Determine i(22).
3
Let w(j) = -j**2 + 15*j + 126. Calculate w(-6).
0
Let f(q) = -2*q**2 - q. Give f(-3).
-15
Let n(h) = -2*h - 14. Give n(-9).
4
Let v(p) = -4*p - 6. Give v(-3).
6
Let j(u) = -u**2 - 2*u - 5. Give j(6).
-53
Let n(i) = i**2 - 18*i + 29. Calculate n(20).
69
Let a(f) = -16*f - 46. Calculate a(-3).
2
Let g(q) = -4*q - 3. Calculate g(4).
-19
Let a(y) = 30*y**2 - 6*y + 15. What is a(2)?
123
Let p(z) = -z**2 + z + 3. What is p(4)?
-9
Let j(s) = s**3 - s**2 + s + 5. Calculate j(0).
5
Let b(w) = w**3 - 17*w**2 - 21*w + 8. What is b(18)?
-46
Let f(b) = -19*b**2 - 3*b. What is f(2)?
-82
Let p(h) = -h**3 - 6*h**2 - 3*h - 19. Determine p(-6).
-1
Let m(q) = 3*q**3 + 7*q**2 + 6*q - 12. Determine m(-4).
-116
Let d(m) = -4*m**2 + 3*m + 9. Give d(5).
-76
Let p(i) = -4*i - 2. Give p(-5).
18
Let x(a) = a + 20. Calculate x(-13).
7
Let u(p) = 64*p + 186. What is u(-3)?
-6
Let p(h) = h + 16. Calculate p(-9).
7
Let b(n) = 2*n + 42. Give b(-26).
-10
Let n(c) = -c**2 - 5*c + 8. Give n(-6).
2
Let p(r) = -2*r**2 + 53*r + 29. What is p(27)?
2
Let s(v) = -33*v - 334. Determine s(-10).
-4
Let i(y) = -y**3 - 3*y**2 - y - 4. Determine i(-3).
-1
Let l(c) = -27*c**2 - 6*c - 17. Determine l(-2).
-113
Let w(z) = 7*z + 4. Determine w(-7).
-45
Let b(n) = 2*n**2 - 3. Calculate b(-3).
15
Let b(h) = 12*h - 75. Determine b(6).
-3
Let x(q) = q**3 - 12*q**2 - 14*q - 11. Calculate x(13).
-24
Let v(w) = 5*w - 5. What is v(6)?
25
Let o(g) = -g**3 - 4*g**2 + 9*g + 5. What is o(-4)?
-31
Let u(x) = x**2 - 20*x - 146. What is u(26)?
10
Let t(x) = -2*x**2 - 52*x - 132. Give t(-23).
6
Let r(i) = i**2 - 26*i - 30. Calculate r(27).
-3
Let f(u) = 5*u**3 + 2*u**2 + 3*u + 9. Calculate f(-3).
-117
Let h(n) = n**2 + 22*n - 14. Calculate h(0).
-14
Let a(g) = -g**2 - 16*g - 10. Determine a(-15).
5
Let y(i) = i**2 - 12*i + 2. What is y(5)?
-33
Let a(f) = 50*f**2 + f - 1. Calculate a(1).
50
Let u(f) = f + 16. Calculate u(-24).
-8
Let h(i) = -2*i**2 + i - 2. Give h(-4).
-38
Let v(n) = n**3 + 3*n**2 + 1. Determine v(-2).
5
Let g(n) = -n**2 - 7*n - 16. Give g(-8).
-24
Let q(o) = 6*o**3 + o**2 - 2*o. Calculate q(1).
5
Let j(m) = m**2 - 11*m + 33. Determine j(6).
3
Let q(a) = 2*a**2 + 21*a - 40. What is q(2)?
10
Let a(k) = k**3 + 6*k**2 - 13*k + 18. Determine a(-8).
-6
Let i(s) = -3*s + 19. Give i(7).
-2
Let w(z) = z**3 - 29*z**2 - 66*z + 127. Give w(31).
3
Let f(s) = s**3 - 8*s**2 - 13*s. Determine f(9).
-36
Let c(i) = -i**2 - 39*i + 55. Determine c(-40).
15
Let c(x) = 2*x**3 + x**2 + 2*x - 3. Determine c(1).
2
Let i(h) = -29*h - 83. Determine i(-4).
33
Let f(b) = -b**3 + 3*b**2 - 18*b + 84. Determine f(4).
-4
Let s(a) = a**3 - 4*a**2 + 4*a - 2. Determine s(2).
-2
Let s(m) = -m**2 + 11*m - 52. Determine s(11).
-52
Let r(h) = -h**2 - 13*h + 32. Give r(-15).
2
Let w(m) = m**3 - 4*m**2 - 11*m - 11. Determine w(6).
-5
Let l(h) = h**3 - 9*h**2 + 15*h - 14. Calculate l(7).
-7
Let o(i) = -28*i + 355. Determine o(13).
-9
Let u(r) = -6*r**2 + r - 5. What is u(-3)?
-62
Let n(m) = -21*m - 22. Determine n(-3).
41
Let x(r) = r**3 + 11*r**2 + r + 6. Determine x(-11).
-5
Let h(l) = l**2 - 10*l + 1. Give h(4).
-23
Let m(k) = -k**3 + 42*k**2 - 41*k + 18. What is m(41)?
18
Let v(f) = 2*f - 10. Calculate v(-2).
-14
Let u(v) = -16*v**2 + 24*v. What is u(2)?
-16
Let w(i) = -i**3 - 4*i**2 + 12. Give w(-3).
3
Let q(g) = -g**2 + 39*g - 389. Calculate q(19).
-9
Let f(i) = -i**3 - 6*i**2 + 6*i - 1. Give f(-7).
6
Let n(q) = 11*q**3 + q**2 + q - 3. What is n(-2)?
-89
Let m(l) = l**2 + 6*l + 2. Give m(-4).
-6
Let u(v) = v + 18. Calculate u(4).
22
Let d(i) = i**3 - 6*i**2 - 6. Determine d(3).
-33
Let i(n) = -3*n - 97. Give i(-35).
8
Let r(p) = -2*p**2 + 20*p + 12. Determine r(15).
-138
Let w(a) = a**3 + 8*a**2 - 12*a - 7. Give w(-10).
-87
Let i(t) = -24*t + 159. What is i(5)?
39
Let b(x) = 52*x + 1970. Determine b(-38).
-6
Let v(g) = -g**3 + g**2 - g - 17. Give v(0).
-17
Let f(h) = 2*h**2 - 22*h - 1. What is f(9)?
-37
Let q(j) = 58*j - 862. Calculate q(15).
8
Let r(c) = c**3 - 3*c**2 - 7*c + 6. Calculate r(4).
-6
Let f(g) = -4*g**3 - 29*g**2 - 10*g - 17. Give f(-7).
4
Let z(j) = -j**2 - 6*j. What is z(3)?
-27
Let o(b) = b**2 + 6*b + 1. Calculate o(-5).
-4
Let p(k) = -7*k**2 + 59*k - 11. Determine p(8).
13
Let z(d) = -d**3 - 12*d**2 - 11*d + 10. What is z(-11)?
10
Let m(p) = p**2 + 6*p + 7. Calculate m(-7).
14
Let w(j) = -54*j + 103. Give w(2).
-5
Let u(p) = -p**2 - 6*p + 2. Determine u(-11).
-53
Let j(y) = -3*y - 63. Determine j(-10).
-33
Let h(p) = 5*p**3 + 2*p**2 + p + 2. Calculate h(-2).
-32
Let l(c) = 2*c**2 + 2*c. Give l(3).
24
Let q(w) = 5*w**3 - 5*w**2 + 5*w - 1. Determine q(2).
29
Let a(j) = -3*j + 46. What is a(18)?
-8
Let r(z) = 3*z + 3. What is r(3)?
12
Let i(j) = -4*j**2 - 22*j - 7. What is i(-5)?
3
Let w(f) = 5*f + 10. Give w(-4).
-10
Let a(l) = l**2 - 7*l - 16. Calculate a(7).
-16
Let w(r) = 2*r - 1. Give w(2).
3
Let h(c) = -2*c - 13. What is h(-9)?
5
Let s(n) = 68*n - 1964. What is s(29)?
8
Let l(u) = u + 24. Determine l(-18).
6
Let k(u) = u**3 - 42*u**2 - 11*u + 457. What is k(42)?
-5
Let a(k) = -2*k**2 - 10*k + 23. What is a(-7)?
-5
Let v(l) = -2*l**2 - l + 7. What is v(2)?
-3
Let m(l) = 4*l + 11. Calculate m(-1).
7
Let n(i) = -i**3 + 4. Give n(4).
-60
Let t(j) = -2*j**2 - 14*j + 9. Determine t(-10).
-51
Let o(y) = 9*y. Give o(-5).
-45
Let g(y) = -y**2 - 22*y - 63. What is g(-19)?
-6
Let l(i) = 2*i - 22. What is l(-10)?
-42
Let z(v) = v**3 + 10*v**2 - 10*v - 16. What is z(-11)?
-27
Let s(d) = d**3 + 5*d**2 - 8*d + 41. What is s(-7)?
-1
Let o(y) = y**3 - 6*y**2 + 5*y - 17. What is o(5)?
-17
Let n(q) = 5*q - 14. What is n(-1)?
-19
Let m(j) = j**2 - 20*j - 49. Give m(22).
-5
Let l(d) = -d**3 + 3*d**2 - 2*d - 4. Give l(0).
-4
Let n(h) = 13*h - 2. Calculate n(3).
37
Let b(h) = 2*h**2 - 20*h - 4. Determine b(11).
18
Let k(j) = -25*j + 44. Calculate k(2).
-6
Let h(t) = 4*t**2 - 20*t + 14. Determine h(5).
14
Let z(t) = -3*t**3 + 3*t**2 - 3*t + 5. Determine z(2).
-13
Let p(t) = -t**2 + 22*t + 7. What is p(23)?
-16
Let h(t) = -3*t - 78. Give h(-22).
-12
Let f(z) = -2*z**2 - 3*z + 6. Determine f(4).
-38
Let f(s) = s**2 + 12*s + 4. Calculate f(-8).
-28
Let l(m) = 17*m**3 - m**2 + 2*m + 2. What is l(-1)?
-18
Let a(p) = 8*p + 250. Calculate a(-30).
10
Let x(j) = 30*j - 1. What is x(1)?
29
Let d(i) = -3*i**2 + 3*i + 2. Give d(-2).
-16
Let v(l) = -6*l**2 + l - 1. What is v(1)?
-6
Let l(j) = j**3 - 5*j**2 - 8*j + 13. What is l(6)?
1
Let g(i) = i**3 + 7*i**2 - 3*i + 7. Calculate g(-6).
61
Let n(c) = 3*c + 22. Give n(-8).
-2
Let b(g) = -g**2 - 2*g + 1. What is b(-4)?
-7
Let f(c) = -c**2 + 18*c - 22. Determine f(16).
10
Let t(y) = 8*y**3 + 2*y**2 - 4*y + 2. Give t(1).
8
Let i(k) = k**3 + 11*k**2 - 13*k - 16. Give i(-